{"id":15234,"date":"2014-04-30T15:47:48","date_gmt":"2014-04-30T15:47:48","guid":{"rendered":"http:\/\/demo.qodeinteractive.com\/bridge3\/?page_id=15234"},"modified":"2024-10-22T09:04:24","modified_gmt":"2024-10-22T08:04:24","slug":"home","status":"publish","type":"page","link":"https:\/\/www.warndt-fibre.com\/warndtfibre\/","title":{"rendered":"Accueil"},"content":{"rendered":"<p>[vc_row][vc_column][layerslider_vc id=\u00a0\u00bb4&Prime;][\/vc_column][\/vc_row][vc_row type=\u00a0\u00bbgrid\u00a0\u00bb anchor=\u00a0\u00bbportfolio\u00a0\u00bb background_color=\u00a0\u00bb#ffffff\u00a0\u00bb border_color=\u00a0\u00bb#eeeeee\u00a0\u00bb padding_top=\u00a0\u00bb73&Prime; padding_bottom=\u00a0\u00bb0&Prime;][vc_column][vc_row_inner][vc_column_inner width=\u00a0\u00bb1\/2&Prime;][vc_single_image image=\u00a0\u00bb16686&Prime; img_size=\u00a0\u00bbfull\u00a0\u00bb][vc_separator type=\u00a0\u00bbtransparent\u00a0\u00bb up=\u00a0\u00bb25&Prime; down=\u00a0\u00bb0&Prime;][vc_column_text]<\/p>\n<h5>Internet rapide et stable<\/h5>\n<p>[\/vc_column_text][vc_separator type=\u00a0\u00bbtransparent\u00a0\u00bb up=\u00a0\u00bb6&Prime; down=\u00a0\u00bb0&Prime;][vc_column_text]Votre acc\u00e8s Internet peut atteindre 100 Mbits\/s ! La technologie Fibre Optique vous permet d&rsquo;avoir une qualit\u00e9 de service permanente et stable.[\/vc_column_text][vc_separator type=\u00a0\u00bbtransparent\u00a0\u00bb up=\u00a0\u00bb76&Prime; down=\u00a0\u00bb0&Prime;][\/vc_column_inner][vc_column_inner width=\u00a0\u00bb1\/2&Prime;][vc_single_image image=\u00a0\u00bb17040&Prime; img_size=\u00a0\u00bbfull\u00a0\u00bb][vc_separator type=\u00a0\u00bbtransparent\u00a0\u00bb up=\u00a0\u00bb25&Prime; down=\u00a0\u00bb0&Prime;][vc_column_text]<\/p>\n<h5>Connectez tous vos appareils<\/h5>\n<p>[\/vc_column_text][vc_separator type=\u00a0\u00bbtransparent\u00a0\u00bb up=\u00a0\u00bb6&Prime; down=\u00a0\u00bb0&Prime;][vc_column_text]Ordinateurs, tablettes, smartphones, t\u00e9l\u00e9visions,&#8230; Toute la famille peut-\u00eatre reli\u00e9e au Net avec des performances sans pr\u00e9c\u00e9dent et sans influencer le d\u00e9bit des autres Internautes.[\/vc_column_text][vc_separator type=\u00a0\u00bbtransparent\u00a0\u00bb up=\u00a0\u00bb76&Prime; down=\u00a0\u00bb0&Prime;][\/vc_column_inner][\/vc_row_inner][vc_separator type=\u00a0\u00bbsmall\u00a0\u00bb color=\u00a0\u00bb#818181&Prime; up=\u00a0\u00bb20&Prime; down=\u00a0\u00bb20&Prime;][vc_column_text el_class=\u00a0\u00bbcacher_actualite\u00a0\u00bb]<\/p>\n<h2 style=\"text-align: center;\">DECOUVREZ LES AVANTAGES DE LA FIBRE<\/h2>\n<p>[\/vc_column_text][vc_column_text]<\/p>\n<p style=\"text-align: center;\">Visitez le site Warndt Fibre et d\u00e9couvrez les avantages de la Fibre Optique qui arrive \u00e0 votre porte !<\/p>\n<p>[\/vc_column_text][vc_separator type=\u00a0\u00bbsmall\u00a0\u00bb color=\u00a0\u00bb#818181&Prime; up=\u00a0\u00bb20&Prime; down=\u00a0\u00bb20&Prime;][vc_row_inner][vc_column_inner el_class=\u00a0\u00bbcacher_actualite\u00a0\u00bb][vc_basic_grid post_type=\u00a0\u00bbpost\u00a0\u00bb max_items=\u00a0\u00bb2&Prime; style=\u00a0\u00bbload-more\u00a0\u00bb items_per_page=\u00a0\u00bb2&Prime; element_width=\u00a0\u00bb6&Prime; initial_loading_animation=\u00a0\u00bbnone\u00a0\u00bb btn_color=\u00a0\u00bbdefault\u00a0\u00bb grid_id=\u00a0\u00bbvc_gid:1729584045707-5ef16c6f-d059-5&Prime;][\/vc_column_inner][\/vc_row_inner][vc_separator type=\u00a0\u00bbtransparent\u00a0\u00bb][\/vc_column][\/vc_row]<\/p>\n","protected":false},"excerpt":{"rendered":"<p>[vc_row][vc_column][layerslider_vc id=\u00a0\u00bb4&Prime;][\/vc_column][\/vc_row][vc_row type=\u00a0\u00bbgrid\u00a0\u00bb anchor=\u00a0\u00bbportfolio\u00a0\u00bb background_color=\u00a0\u00bb#ffffff\u00a0\u00bb border_color=\u00a0\u00bb#eeeeee\u00a0\u00bb padding_top=\u00a0\u00bb73&Prime; padding_bottom=\u00a0\u00bb0&Prime;][vc_column][vc_row_inner][vc_column_inner width=\u00a0\u00bb1\/2&Prime;][vc_single_image image=\u00a0\u00bb16686&Prime; img_size=\u00a0\u00bbfull\u00a0\u00bb][vc_separator type=\u00a0\u00bbtransparent\u00a0\u00bb up=\u00a0\u00bb25&Prime; down=\u00a0\u00bb0&Prime;][vc_column_text] Internet rapide et stable [\/vc_column_text][vc_separator type=\u00a0\u00bbtransparent\u00a0\u00bb up=\u00a0\u00bb6&Prime; down=\u00a0\u00bb0&Prime;][vc_column_text]Votre acc\u00e8s Internet peut atteindre 100 Mbits\/s ! La technologie Fibre Optique vous permet d&rsquo;avoir une qualit\u00e9 de service permanente et stable.[\/vc_column_text][vc_separator type=\u00a0\u00bbtransparent\u00a0\u00bb up=\u00a0\u00bb76&Prime;&#8230;<\/p>\n","protected":false},"author":1,"featured_media":0,"parent":0,"menu_order":0,"comment_status":"open","ping_status":"open","template":"full_width.php","meta":[],"_links":{"self":[{"href":"https:\/\/www.warndt-fibre.com\/warndtfibre\/wp-json\/wp\/v2\/pages\/15234"}],"collection":[{"href":"https:\/\/www.warndt-fibre.com\/warndtfibre\/wp-json\/wp\/v2\/pages"}],"about":[{"href":"https:\/\/www.warndt-fibre.com\/warndtfibre\/wp-json\/wp\/v2\/types\/page"}],"author":[{"embeddable":true,"href":"https:\/\/www.warndt-fibre.com\/warndtfibre\/wp-json\/wp\/v2\/users\/1"}],"replies":[{"embeddable":true,"href":"https:\/\/www.warndt-fibre.com\/warndtfibre\/wp-json\/wp\/v2\/comments?post=15234"}],"version-history":[{"count":74,"href":"https:\/\/www.warndt-fibre.com\/warndtfibre\/wp-json\/wp\/v2\/pages\/15234\/revisions"}],"predecessor-version":[{"id":17041,"href":"https:\/\/www.warndt-fibre.com\/warndtfibre\/wp-json\/wp\/v2\/pages\/15234\/revisions\/17041"}],"wp:attachment":[{"href":"https:\/\/www.warndt-fibre.com\/warndtfibre\/wp-json\/wp\/v2\/media?parent=15234"}],"curies":[{"name":"wp","href":"https:\/\/api.w.org\/{rel}","templated":true}]}}