{"id":16296,"date":"2015-03-03T16:55:16","date_gmt":"2015-03-03T15:55:16","guid":{"rendered":"https:\/\/www.warndt-fibre.com\/warndtfibre\/?page_id=16296"},"modified":"2015-03-26T13:20:35","modified_gmt":"2015-03-26T12:20:35","slug":"credits","status":"publish","type":"page","link":"https:\/\/www.warndt-fibre.com\/warndtfibre\/credits\/","title":{"rendered":"Cr\u00e9dits"},"content":{"rendered":"<p>Directeurs de la publication :\u00a0DidierJean<\/p>\n<p>Cr\u00e9dits photos :\u00a0CCW, Photolia<br \/>\n<a title=\"Cr\u00e9ation du site Internet\" href=\"http:\/\/www.declic-communication.com\" target=\"_blank\">Cr\u00e9ation, r\u00e9alisation et d\u00e9veloppement du site Internet<\/a>\u00a0: <a href=\"http:\/\/www.declic-communication.com\" target=\"_blank\">D\u00e9clic communication<\/a><\/p>\n<p><strong>Compatibilit\u00e9<\/strong><\/p>\n<p>L&rsquo;affichage du site www.warndt-fibre.fr est optimis\u00e9 pour les navigateurs suivants :<\/p>\n<p>Plate-forme Windows :<br \/>\n\u25cf Internet Explorer 11 ou une version sup\u00e9rieure<br \/>\n\u25cf Firefox 36 ou une version sup\u00e9rieure<\/p>\n<p>Plate-forme Macintosh :<br \/>\n\u25cf Safari 7 ou une version sup\u00e9rieure<br \/>\n\u25cf Firefox 36 ou une version sup\u00e9rieure<\/p>\n<p>L&rsquo;activation du javascript est n\u00e9cessaire au bon fonctionnement du site.<\/p>\n","protected":false},"excerpt":{"rendered":"<p>Directeurs de la publication :\u00a0DidierJean Cr\u00e9dits photos :\u00a0CCW, Photolia Cr\u00e9ation, r\u00e9alisation et d\u00e9veloppement du site Internet\u00a0: D\u00e9clic communication Compatibilit\u00e9 L&rsquo;affichage du site www.warndt-fibre.fr est optimis\u00e9 pour les navigateurs suivants : Plate-forme Windows : \u25cf Internet Explorer 11 ou une version sup\u00e9rieure \u25cf Firefox 36 ou&#8230;<\/p>\n","protected":false},"author":1,"featured_media":0,"parent":0,"menu_order":0,"comment_status":"closed","ping_status":"open","template":"","meta":[],"_links":{"self":[{"href":"https:\/\/www.warndt-fibre.com\/warndtfibre\/wp-json\/wp\/v2\/pages\/16296"}],"collection":[{"href":"https:\/\/www.warndt-fibre.com\/warndtfibre\/wp-json\/wp\/v2\/pages"}],"about":[{"href":"https:\/\/www.warndt-fibre.com\/warndtfibre\/wp-json\/wp\/v2\/types\/page"}],"author":[{"embeddable":true,"href":"https:\/\/www.warndt-fibre.com\/warndtfibre\/wp-json\/wp\/v2\/users\/1"}],"replies":[{"embeddable":true,"href":"https:\/\/www.warndt-fibre.com\/warndtfibre\/wp-json\/wp\/v2\/comments?post=16296"}],"version-history":[{"count":4,"href":"https:\/\/www.warndt-fibre.com\/warndtfibre\/wp-json\/wp\/v2\/pages\/16296\/revisions"}],"predecessor-version":[{"id":16645,"href":"https:\/\/www.warndt-fibre.com\/warndtfibre\/wp-json\/wp\/v2\/pages\/16296\/revisions\/16645"}],"wp:attachment":[{"href":"https:\/\/www.warndt-fibre.com\/warndtfibre\/wp-json\/wp\/v2\/media?parent=16296"}],"curies":[{"name":"wp","href":"https:\/\/api.w.org\/{rel}","templated":true}]}}