{"id":3080,"date":"2013-11-01T11:02:11","date_gmt":"2013-11-01T10:02:11","guid":{"rendered":"http:\/\/demo.qodeinteractive.com\/bridge3\/?page_id=3080"},"modified":"2025-01-03T15:33:09","modified_gmt":"2025-01-03T14:33:09","slug":"partenaires","status":"publish","type":"page","link":"https:\/\/www.warndt-fibre.com\/warndtfibre\/partenaires\/","title":{"rendered":"Partenaires"},"content":{"rendered":"<p>[vc_row type=\u00a0\u00bbgrid\u00a0\u00bb padding_top=\u00a0\u00bb40&Prime;][vc_column][qode_clients][qode_client link_target=\u00a0\u00bb_blank\u00a0\u00bb image=\u00a0\u00bb16534&Prime; link=\u00a0\u00bbhttp:\/\/www.cc-warndt.fr\/site\/index.php\u00a0\u00bb][\/qode_clients][\/vc_column][\/vc_row][vc_row][vc_column][vc_column_text]<\/p>\n<hr \/>\n<p style=\"text-align: center;\">Si vous souhaitez devenir op\u00e9rateur partenaire, nous vous invitons \u00e0 consulter le <a href=\"https:\/\/www.warndt-fibre.com\/warndtfibre\/wp-content\/uploads\/2025\/01\/WARNDT-FIBRE-Contrat-d-acces-aux-lignes-V-1_8-06112024.pdf\" target=\"_blank\" rel=\"noopener\">Contrat d&rsquo;acc\u00e8s aux lignes FTTH WarndtFibre<\/a>.<\/p>\n<hr \/>\n<p>[\/vc_column_text][\/vc_column][\/vc_row]<\/p>\n","protected":false},"excerpt":{"rendered":"<p>[vc_row type=\u00a0\u00bbgrid\u00a0\u00bb padding_top=\u00a0\u00bb40&Prime;][vc_column][qode_clients][qode_client link_target=\u00a0\u00bb_blank\u00a0\u00bb image=\u00a0\u00bb16534&Prime; link=\u00a0\u00bbhttp:\/\/www.cc-warndt.fr\/site\/index.php\u00a0\u00bb][\/qode_clients][\/vc_column][\/vc_row][vc_row][vc_column][vc_column_text] Si vous souhaitez devenir op\u00e9rateur partenaire, nous vous invitons \u00e0 consulter le Contrat d&rsquo;acc\u00e8s aux lignes FTTH WarndtFibre. [\/vc_column_text][\/vc_column][\/vc_row]<\/p>\n","protected":false},"author":1,"featured_media":0,"parent":0,"menu_order":0,"comment_status":"open","ping_status":"closed","template":"full_width.php","meta":[],"_links":{"self":[{"href":"https:\/\/www.warndt-fibre.com\/warndtfibre\/wp-json\/wp\/v2\/pages\/3080"}],"collection":[{"href":"https:\/\/www.warndt-fibre.com\/warndtfibre\/wp-json\/wp\/v2\/pages"}],"about":[{"href":"https:\/\/www.warndt-fibre.com\/warndtfibre\/wp-json\/wp\/v2\/types\/page"}],"author":[{"embeddable":true,"href":"https:\/\/www.warndt-fibre.com\/warndtfibre\/wp-json\/wp\/v2\/users\/1"}],"replies":[{"embeddable":true,"href":"https:\/\/www.warndt-fibre.com\/warndtfibre\/wp-json\/wp\/v2\/comments?post=3080"}],"version-history":[{"count":29,"href":"https:\/\/www.warndt-fibre.com\/warndtfibre\/wp-json\/wp\/v2\/pages\/3080\/revisions"}],"predecessor-version":[{"id":17055,"href":"https:\/\/www.warndt-fibre.com\/warndtfibre\/wp-json\/wp\/v2\/pages\/3080\/revisions\/17055"}],"wp:attachment":[{"href":"https:\/\/www.warndt-fibre.com\/warndtfibre\/wp-json\/wp\/v2\/media?parent=3080"}],"curies":[{"name":"wp","href":"https:\/\/api.w.org\/{rel}","templated":true}]}}